en 70 is divided by 21?
7
Calculate the remainder when 2529 is divided by 182.
163
What is the remainder when 415 is divided by 115?
70
What is the remainder when 164 is divided by 28?
24
Calculate the remainder when 29 is divided by 17.
12
What is the remainder when 253 is divided by 6?
1
What is the remainder when 302 is divided by 93?
23
Calculate the remainder when 496 is divided by 108.
64
Calculate the remainder when 116 is divided by 33.
17
What is the remainder when 2536 is divided by 232?
216
Calculate the remainder when 439 is divided by 177.
85
What is the remainder when 151 is divided by 85?
66
Calculate the remainder when 384 is divided by 43.
40
What is the remainder when 122 is divided by 18?
14
What is the remainder when 337 is divided by 19?
14
Calculate the remainder when 540 is divided by 136.
132
Calculate the remainder when 14 is divided by 2.
0
What is the remainder when 115 is divided by 39?
37
What is the remainder when 520 is divided by 29?
27
Calculate the remainder when 390 is divided by 3.
0
Calculate the remainder when 1119 is divided by 28.
27
What is the remainder when 3931 is divided by 48?
43
What is the remainder when 617 is divided by 203?
8
Calculate the remainder when 120 is divided by 11.
10
Calculate the remainder when 242 is divided by 74.
20
Calculate the remainder when 122 is divided by 90.
32
Calculate the remainder when 2468 is divided by 13.
11
Calculate the remainder when 393 is divided by 124.
21
Calculate the remainder when 461 is divided by 14.
13
Calculate the remainder when 145 is divided by 11.
2
What is the remainder when 1191 is divided by 21?
15
What is the remainder when 1827 is divided by 302?
15
What is the remainder when 10475 is divided by 54?
53
Calculate the remainder when 729 is divided by 146.
145
Calculate the remainder when 142 is divided by 29.
26
Calculate the remainder when 141 is divided by 64.
13
What is the remainder when 155 is divided by 13?
12
What is the remainder when 219 is divided by 74?
71
What is the remainder when 98 is divided by 28?
14
Calculate the remainder when 102 is divided by 41.
20
What is the remainder when 1660 is divided by 381?
136
Calculate the remainder when 206 is divided by 38.
16
Calculate the remainder when 86 is divided by 29.
28
Calculate the remainder when 7655 is divided by 16.
7
Calculate the remainder when 3947 is divided by 46.
37
What is the remainder when 1454 is divided by 104?
102
Calculate the remainder when 903 is divided by 228.
219
What is the remainder when 37 is divided by 14?
9
Calculate the remainder when 1597 is divided by 94.
93
Calculate the remainder when 2083 is divided by 24.
19
What is the remainder when 2833 is divided by 135?
133
What is the remainder when 237 is divided by 81?
75
What is the remainder when 31 is divided by 22?
9
Calculate the remainder when 217 is divided by 201.
16
Calculate the remainder when 178 is divided by 29.
4
Calculate the remainder when 112 is divided by 13.
8
What is the remainder when 669 is divided by 48?
45
What is the remainder when 121 is divided by 9?
4
What is the remainder when 139 is divided by 10?
9
Calculate the remainder when 153 is divided by 39.
36
What is the remainder when 4331 is divided by 54?
11
Calculate the remainder when 2909 is divided by 415.
4
Calculate the remainder when 1077 is divided by 22.
21
Calculate the remainder when 103 is divided by 11.
4
What is the remainder when 973 is divided by 61?
58
What is the remainder when 93 is divided by 34?
25
What is the remainder when 192 is divided by 53?
33
Calculate the remainder when 200 is divided by 89.
22
Calculate the remainder when 1509 is divided by 37.
29
Calculate the remainder when 4493 is divided by 66.
5
Calculate the remainder when 107 is divided by 8.
3
Calculate the remainder when 871 is divided by 123.
10
What is the remainder when 4653 is divided by 24?
21
What is the remainder when 176 is divided by 26?
20
Calculate the remainder when 30 is divided by 26.
4
What is the remainder when 85 is divided by 46?
39
Calculate the remainder when 1819 is divided by 139.
12
What is the remainder when 473 is divided by 78?
5
Calculate the remainder when 1635 is divided by 26.
23
Calculate the remainder when 105 is divided by 29.
18
Calculate the remainder when 8803 is divided by 267.
259
Calculate the remainder when 374 is divided by 43.
30
What is the remainder when 124 is divided by 18?
16
Calculate the remainder when 344 is divided by 168.
8
What is the remainder when 143 is divided by 57?
29
Calculate the remainder when 922 is divided by 229.
6
What is the remainder when 13 is divided by 4?
1
What is the remainder when 373 is divided by 97?
82
Calculate the remainder when 115 is divided by 30.
25
What is the remainder when 758 is divided by 20?
18
Calculate the remainder when 305 is divided by 302.
3
Calculate the remainder when 1049 is divided by 276.
221
What is the remainder when 189 is divided by 25?
14
Calculate the remainder when 3455 is divided by 14.
11
Calculate the remainder when 3498 is divided by 1143.
69
Calculate the remainder when 2910 is divided by 56.
54
What is the remainder when 358 is divided by 30?
28
What is the remainder when 1070 is divided by 100?
70
Calculate the remainder when 99 is divided by 33.
0
Calculate the remainder when 2837 is divided by 71.
68
What is the remainder when 198 is divided by 25?
23
Calculate the remainder when 419 is divided by 14.
13
Calculate the remainder when 44 is divided by 12.
8
What is the remainder when 720 is divided by 34?
6
What is the remainder when 1015 is divided by 199?
20
What is the remainder when 303 is divided by 25?
3
What is the remainder when 13284 is divided by 26?
24
What is the remainder when 556 is divided by 33?
28
Calculate the remainder when 2064 is divided by 94.
90
What is the remainder when 1592 is divided by 795?
2
What is the remainder when 691 is divided by 63?
61
Calculate the remainder when 4521 is divided by 29.
26
What is the remainder when 515 is divided by 103?
0
What is the remainder when 117 is divided by 61?
56
What is the remainder when 1394 is divided by 156?
146
What is the remainder when 548 is divided by 98?
58
What is the remainder when 91 is divided by 35?
21
Calculate the remainder when 78 is divided by 22.
12
Calculate the remainder when 1428 is divided by 285.
3
What is the remainder when 153 is divided by 91?
62
What is the remainder when 523 is divided by 35?
33
Calculate the remainder when 3059 is divided by 30.
29
What is the remainder when 5864 is divided by 51?
50
What is the remainder when 2297 is divided by 12?
5
Calculate the remainder when 932 is divided by 449.
34
Calculate the remainder when 398 is divided by 17.
7
Calculate the remainder when 688 is divided by 227.
7
What is the remainder when 371 is divided by 40?
11
What is the remainder when 11 is divided by 9?
2
Calculate the remainder when 318 is divided by 29.
28
Calculate the remainder when 12 is divided by 4.
0
What is the remainder when 1550 is divided by 773?
4
Calculate the remainder when 12 is divided by 6.
0
Calculate the remainder when 176 is divided by 55.
11
What is the remainder when 445 is divided by 32?
29
What is the remainder when 35058 is divided by 18?
12
Calculate the remainder when 346 is divided by 35.
31
Calculate the remainder when 5936 is divided by 54.
50
Calculate the remainder when 440 is divided by 184.
72
What is the remainder when 6140 is divided by 89?
88
What is the remainder when 300 is divided by 59?
5
What is the remainder when 62 is divided by 9?
8
Calculate the remainder when 39193 is divided by 9.
7
What is the remainder when 278 is divided by 14?
12
Calculate the remainder when 233 is divided by 16.
9
Calculate the remainder when 197 is divided by 29.
23
What is the remainder when 169 is divided by 35?
29
Calculate the remainder when 1270 is divided by 184.
166
Calculate the remainder when 168 is divided by 62.
44
What is the remainder when 53 is divided by 31?
22
What is the remainder when 2551 is divided by 850?
1
Calculate the remainder when 862 is divided by 173.
170
Calculate the remainder when 99 is divided by 2.
1
Calculate the remainder when 197 is divided by 60.
17
What is the remainder 